
What is the remainder when 13402 is divided by 28?
18
What is the remainder when 3058214 is divided by 374?
16
What is the remainder when 150661 is divided by 167?
27
What is the remainder when 372545 is divided by 201?
92
Calculate the remainder when 365689 is divided by 3621.
3589
Calculate the remainder when 728384 is divided by 216.
32
Calculate the remainder when 431167 is divided by 1044.
1039
What is the remainder when 183768 is divided by 2063?
161
What is the remainder when 21716789 is divided by 21716665?
124
Calculate the remainder when 1399148 is divided by 698967.
1214
What is the remainder when 6076415 is divided by 1297?
1267
Calculate the remainder when 1466173 is divided by 50.
23
What is the remainder when 18012262 is divided by 146?
96
What is the remainder when 67825024 is divided by 33?
25
What is the remainder when 114972 is divided by 7719?
6906
What is the remainder when 4573182 is divided by 3700?
3682
What is the remainder when 7809686 is divided by 2?
0
Calculate the remainder when 3444967 is divided by 1722447.
73
What is the remainder when 1523931 is divided by 507933?
132
Calculate the remainder when 1754569 is divided by 1540.
509
What is the remainder when 994081 is divided by 13?
10
What is the remainder when 2893642 is divided by 68?
38
What is the remainder when 593311 is divided by 36325?
12111
Calculate the remainder when 16336914 is divided by 4084188.
162
Calculate the remainder when 1064903 is divided by 632.
615
Calculate the remainder when 54986078 is divided by 41374.
32
Calculate the remainder when 129278 is divided by 64372.
534
What is the remainder when 765186 is divided by 84960?
546
Calculate the remainder when 24816031 is divided by 496318.
131
What is the remainder when 323583 is divided by 399?
393
What is the remainder when 339242 is divided by 15?
2
Calculate the remainder when 357233 is divided by 1362.
389
What is the remainder when 35473865 is divided by 29?
21
Calculate the remainder when 38274488 is divided by 3193.
3190
What is the remainder when 4194403 is divided by 2097158?
87
Calculate the remainder when 726779 is divided by 4944.
11
What is the remainder when 4691982 is divided by 1938?
84
What is the remainder when 64332 is divided by 1459?
136
What is the remainder when 5006992 is divided by 13643?
11
Calculate the remainder when 85420 is divided by 10565.
900
What is the remainder when 4958381 is divided by 3482?
13
Calculate the remainder when 442952 is divided by 5701.
3975
Calculate the remainder when 1088331 is divided by 1711.
135
What is the remainder when 107142 is divided by 5944?
150
What is the remainder when 194941 is divided by 38947?
206
What is the remainder when 180718 is divided by 22184?
3246
Calculate the remainder when 34511420 is divided by 4156.
4152
What is the remainder when 47249378 is divided by 3103?
3100
Calculate the remainder when 59369 is divided by 535.
519
What is the remainder when 5468024 is divided by 839?
261
What is the remainder when 3249772 is divided by 564?
4
What is the remainder when 58729 is divided by 14406?
1105
What is the remainder when 82324 is divided by 204?
112
Calculate the remainder when 14140475 is divided by 2652.
11
What is the remainder when 57415 is divided by 6813?
2911
What is the remainder when 3678273 is divided by 14?
11
What is the remainder when 579617 is divided by 78?
77
Calculate the remainder when 4101942 is divided by 616.
614
Calculate the remainder when 790670 is divided by 1039.
1030
What is the remainder when 2692664 is divided by 2627?
2616
What is the remainder when 32451 is divided by 173?
100
Calculate the remainder when 3826707 is divided by 19.
12
Calculate the remainder when 548403098 is divided by 1225.
1223
Calculate the remainder when 15247896 is divided by 162.
132
What is the remainder when 176725 is divided by 4398?
805
What is the remainder when 101455 is divided by 1609?
88
Calculate the remainder when 34553979 is divided by 18.
9
Calculate the remainder when 790130 is divided by 10258.
264
Calculate the remainder when 95057759 is divided by 3990.
3989
Calculate the remainder when 1505277 is divided by 6782.
6455
Calculate the remainder when 365659057 is divided by 4171.
0
Calculate the remainder when 2547885 is divided by 254.
11
What is the remainder when 4782252 is divided by 3021?
9
Calculate the remainder when 2929645 is divided by 1244.
25
Calculate the remainder when 80872 is divided by 34.
20
What is the remainder when 1515858 is divided by 99?
69
What is the remainder when 24185 is divided by 1910?
1265
What is the remainder when 445304 is divided by 1803?
1766
What is the remainder when 4550962397 is divided by 11980?
11977
Calculate the remainder when 247889473 is divided by 590213.
13
Calculate the remainder when 618722 is divided by 17673.
167
What is the remainder when 511393 is divided by 56806?
139
Calculate the remainder when 117078969 is divided by 585.
579
Calculate the remainder when 1361977774 is divided by 4164.
4162
Calculate the remainder when 363234 is divided by 24215.
9
Calculate the remainder when 883962 is divided by 67997.
1
Calculate the remainder when 929878 is divided by 1606.
4
What is the remainder when 873962 is divided by 4595?
912
Calculate the remainder when 36059 is divided by 930.
719
Calculate the remainder when 5467845 is divided by 911299.
51
Calculate the remainder when 448196 is divided by 4770.
4586
Calculate the remainder when 1540199 is divided by 453.
452
Calculate the remainder when 38444 is divided by 4425.
3044
Calculate the remainder when 952846 is divided by 1448.
62
What is the remainder when 1717915 is divided by 429161?
1271
Calculate the remainder when 76537532 is divided by 359331.
29
Calculate the remainder when 17709620 is divided by 27.
23
Calculate the remainder when 31309841 is divided by 1661.
1652
Calculate the remainder when 8325504 is divided by 53.
52
What is the remainder when 1955400 is divided by 651795?
15
What is the remainder when 19969122 is divided by 1133?
1130
Calculate the remainder when 86077 is divided by 369.
100
What is the remainder when 194632 is divided by 194346?
286
What is the remainder when 31289 is divided by 5171?
263
Calculate the remainder when 189456 is divided by 47303.
244
Calculate the remainder when 7324 is divided by 1433.
159
What is the remainder when 4100513219 is divided by 54?
53
Calculate the remainder when 224492 is divided by 1879.
891
Calculate the remainder when 182358 is divided by 1099.
1023
Calculate the remainder when 38090673 is divided by 1659.
33
Calculate the remainder when 945162 is divided by 696.
690
What is the remainder when 3533453 is divided by 1766698?
57
Calculate the remainder when 16478351 is divided by 302.
23
What is the remainder when 9267 is divided by 8723?
544
What is the remainder when 234409 is divided by 7933?
4352
Calculate the remainder when 5249864 is divided by 1046.
1036
What is the remainder when 64706 is divided by 796?
230
What is the remainder when 16760 is divided by 2743?
302
What is the remainder when 336169 is divided by 2757?
2572
Calculate the remainder when 29991 is divided by 7251.
987
Calculate the remainder when 37938 is divided by 173.
51
What is the remainder when 18259613 is divided by 5?
3
Calculate the remainder when 577692 is divided by 16.
12
What is the remainder when 792213 is divided by 7916?
613
What is the remainder when 15423083 is divided by 3419?
3393
What is the remainder when 101920 is divided by 67?
13
What is the remainder when 57486 is divided by 5214?
132
Calculate the remainder when 39109940 is divided by 2367.
2366
What is the remainder when 6639979 is divided by 1587?
1558
What is the remainder when 583336 is divided by 29067?
1996
Calculate the remainder when 56265014 is divided by 822.
758
What is the remainder when 3474546 is divided by 16?
2
Calculate the remainder when 10991770 is divided by 11438.
11290
Calculate the remainder when 96037 is divided by 2330.
507
What is the remainder when 212586 is divided by 69877?
2955
What is the remainder when 6286332 is divided by 155?
152
What is the remainder when 16391478 is divided by 1058?
942
Calculate the remainder when 1315596 is divided by 5598.
66
Ca